{"id":16086,"date":"2021-04-20T00:02:06","date_gmt":"2021-04-20T05:02:06","guid":{"rendered":"http:\/\/119.8.7.19\/masterprom\/producto\/cdp14\/"},"modified":"2021-04-20T00:02:06","modified_gmt":"2021-04-20T05:02:06","slug":"cdp14","status":"publish","type":"product","link":"http:\/\/119.8.7.19\/masterprom\/producto\/cdp14\/","title":{"rendered":"CDP14"},"content":{"rendered":"<p>Cilindro deportivo de pl\u00e1stico, con tapa de rosca y v\u00e1lvula herm\u00e9tica, cuerpo y tapa del mismo color. CAP. 850 ml.<\/p>\n","protected":false},"excerpt":{"rendered":"<p>Cilindro deportivo de pl\u00e1stico, con tapa de rosca y v\u00e1lvula herm\u00e9tica, cuerpo y tapa del mismo color. CAP. 850 ml.<\/p>\n","protected":false},"featured_media":0,"comment_status":"closed","ping_status":"open","template":"","meta":[],"class_list":["post-16086","product","type-product","status-publish","hentry","product_cat-bebidas","product_cat-cilindros","product_tag-winideas"],"_links":{"self":[{"href":"http:\/\/119.8.7.19\/masterprom\/wp-json\/wp\/v2\/product\/16086","targetHints":{"allow":["GET"]}}],"collection":[{"href":"http:\/\/119.8.7.19\/masterprom\/wp-json\/wp\/v2\/product"}],"about":[{"href":"http:\/\/119.8.7.19\/masterprom\/wp-json\/wp\/v2\/types\/product"}],"replies":[{"embeddable":true,"href":"http:\/\/119.8.7.19\/masterprom\/wp-json\/wp\/v2\/comments?post=16086"}],"wp:attachment":[{"href":"http:\/\/119.8.7.19\/masterprom\/wp-json\/wp\/v2\/media?parent=16086"}],"curies":[{"name":"wp","href":"https:\/\/api.w.org\/{rel}","templated":true}]}}