{"id":16082,"date":"2021-04-20T00:02:03","date_gmt":"2021-04-20T05:02:03","guid":{"rendered":"http:\/\/119.8.7.19\/masterprom\/producto\/a2347\/"},"modified":"2021-04-20T00:02:05","modified_gmt":"2021-04-20T05:02:05","slug":"a2347","status":"publish","type":"product","link":"http:\/\/119.8.7.19\/masterprom\/producto\/a2347\/","title":{"rendered":"A2347"},"content":{"rendered":"<p>Cilindro de pl\u00e1stico transparente con bot\u00f3n atomizador, el cual permite refrescarse con un fino rociado del l\u00edquido. Cuenta con v\u00e1lvula de presi\u00f3n y sellado herm\u00e9tico. Incluye una pr\u00e1ctica asa en color para sujetarlo y transportarlo f\u00e1cilmente. CAP. 600 ml. Presentacion: caja en color blanco.<\/p>\n","protected":false},"excerpt":{"rendered":"<p>Cilindro de pl\u00e1stico transparente con bot\u00f3n atomizador, el cual permite refrescarse con un fino rociado del l\u00edquido. Cuenta con v\u00e1lvula de presi\u00f3n y sellado herm\u00e9tico. Incluye una pr\u00e1ctica asa en color para sujetarlo y transportarlo f\u00e1cilmente. CAP. 600 ml. Presentacion: caja en color blanco.<\/p>\n","protected":false},"featured_media":0,"comment_status":"closed","ping_status":"open","template":"","meta":[],"class_list":["post-16082","product","type-product","status-publish","hentry","product_cat-bebidas","product_cat-cilindros","product_tag-winideas"],"_links":{"self":[{"href":"http:\/\/119.8.7.19\/masterprom\/wp-json\/wp\/v2\/product\/16082","targetHints":{"allow":["GET"]}}],"collection":[{"href":"http:\/\/119.8.7.19\/masterprom\/wp-json\/wp\/v2\/product"}],"about":[{"href":"http:\/\/119.8.7.19\/masterprom\/wp-json\/wp\/v2\/types\/product"}],"replies":[{"embeddable":true,"href":"http:\/\/119.8.7.19\/masterprom\/wp-json\/wp\/v2\/comments?post=16082"}],"wp:attachment":[{"href":"http:\/\/119.8.7.19\/masterprom\/wp-json\/wp\/v2\/media?parent=16082"}],"curies":[{"name":"wp","href":"https:\/\/api.w.org\/{rel}","templated":true}]}}