{"id":16081,"date":"2021-04-20T00:02:03","date_gmt":"2021-04-20T05:02:03","guid":{"rendered":"http:\/\/119.8.7.19\/masterprom\/producto\/a2351\/"},"modified":"2021-04-20T00:02:05","modified_gmt":"2021-04-20T05:02:05","slug":"a2351","status":"publish","type":"product","link":"http:\/\/119.8.7.19\/masterprom\/producto\/a2351\/","title":{"rendered":"A2351"},"content":{"rendered":"<p>Cilindro de vidrio borosilicato de mayor resistencia ante el calor y los cambios de temperatura. Con tapa de rosca met\u00e1lica, agarradera y funda protectora de neopreno. Para consumir bebidas de manera saludable, sin alterar el sabor o composici\u00f3n de los l\u00edquidos. CAP. 600 ml. Presentaci\u00f3n: caja en color negro. \u00d8 8.8 sin asa x 17 cm<\/p>\n","protected":false},"excerpt":{"rendered":"<p>Cilindro de vidrio borosilicato de mayor resistencia ante el calor y los cambios de temperatura. Con tapa de rosca met\u00e1lica, agarradera y funda protectora de neopreno. Para consumir bebidas de manera saludable, sin alterar el sabor o composici\u00f3n de los l\u00edquidos. CAP. 600 ml. Presentaci\u00f3n: caja en color negro. \u00d8 8.8 sin asa x 17 cm<\/p>\n","protected":false},"featured_media":0,"comment_status":"closed","ping_status":"open","template":"","meta":[],"class_list":["post-16081","product","type-product","status-publish","hentry","product_cat-bebidas","product_cat-cilindros","product_tag-winideas"],"_links":{"self":[{"href":"http:\/\/119.8.7.19\/masterprom\/wp-json\/wp\/v2\/product\/16081","targetHints":{"allow":["GET"]}}],"collection":[{"href":"http:\/\/119.8.7.19\/masterprom\/wp-json\/wp\/v2\/product"}],"about":[{"href":"http:\/\/119.8.7.19\/masterprom\/wp-json\/wp\/v2\/types\/product"}],"replies":[{"embeddable":true,"href":"http:\/\/119.8.7.19\/masterprom\/wp-json\/wp\/v2\/comments?post=16081"}],"wp:attachment":[{"href":"http:\/\/119.8.7.19\/masterprom\/wp-json\/wp\/v2\/media?parent=16081"}],"curies":[{"name":"wp","href":"https:\/\/api.w.org\/{rel}","templated":true}]}}