{"id":16074,"date":"2021-04-20T00:02:03","date_gmt":"2021-04-20T05:02:03","guid":{"rendered":"http:\/\/119.8.7.19\/masterprom\/producto\/te-047\/"},"modified":"2021-04-20T00:02:04","modified_gmt":"2021-04-20T05:02:04","slug":"te-047","status":"publish","type":"product","link":"http:\/\/119.8.7.19\/masterprom\/producto\/te-047\/","title":{"rendered":"TE-047"},"content":{"rendered":"<p>Cilindro con arn\u00e9s de pl\u00e1stico r\u00edgido, con toalla tipo dry fit y compartimento con aud\u00edfonos, capacidad 300 ml.<\/p>\n","protected":false},"excerpt":{"rendered":"<p>Cilindro con arn\u00e9s de pl\u00e1stico r\u00edgido, con toalla tipo dry fit y compartimento con aud\u00edfonos, capacidad 300 ml.<\/p>\n","protected":false},"featured_media":0,"comment_status":"closed","ping_status":"open","template":"","meta":[],"class_list":["post-16074","product","type-product","status-publish","hentry","product_cat-bebidas","product_cat-cilindros","product_tag-innova"],"_links":{"self":[{"href":"http:\/\/119.8.7.19\/masterprom\/wp-json\/wp\/v2\/product\/16074","targetHints":{"allow":["GET"]}}],"collection":[{"href":"http:\/\/119.8.7.19\/masterprom\/wp-json\/wp\/v2\/product"}],"about":[{"href":"http:\/\/119.8.7.19\/masterprom\/wp-json\/wp\/v2\/types\/product"}],"replies":[{"embeddable":true,"href":"http:\/\/119.8.7.19\/masterprom\/wp-json\/wp\/v2\/comments?post=16074"}],"wp:attachment":[{"href":"http:\/\/119.8.7.19\/masterprom\/wp-json\/wp\/v2\/media?parent=16074"}],"curies":[{"name":"wp","href":"https:\/\/api.w.org\/{rel}","templated":true}]}}