{"id":15776,"date":"2021-04-06T19:32:07","date_gmt":"2021-04-07T00:32:07","guid":{"rendered":"http:\/\/119.8.7.19\/masterprom\/producto\/tab-que\/"},"modified":"2021-04-06T19:32:07","modified_gmt":"2021-04-07T00:32:07","slug":"tab-que","status":"publish","type":"product","link":"http:\/\/119.8.7.19\/masterprom\/producto\/tab-que\/","title":{"rendered":"TAB-QUE"},"content":{"rendered":"<p>Tabla de apoyo en pl\u00e1stico blanco con esquinas de goma y clip sujetador en diferentes colores. El clip se puede colocar en posici\u00f3n horizontal \u00f3 vertical a conveniencia del usuario.<\/p>\n","protected":false},"excerpt":{"rendered":"<p>Tabla de apoyo en pl\u00e1stico blanco con esquinas de goma y clip sujetador en diferentes colores. El clip se puede colocar en posici\u00f3n horizontal \u00f3 vertical a conveniencia del usuario.<\/p>\n","protected":false},"featured_media":0,"comment_status":"closed","ping_status":"open","template":"","meta":[],"class_list":["post-15776","product","type-product","status-publish","hentry","product_cat-articulos-de-oficina","product_cat-varios","product_tag-g4"],"_links":{"self":[{"href":"http:\/\/119.8.7.19\/masterprom\/wp-json\/wp\/v2\/product\/15776","targetHints":{"allow":["GET"]}}],"collection":[{"href":"http:\/\/119.8.7.19\/masterprom\/wp-json\/wp\/v2\/product"}],"about":[{"href":"http:\/\/119.8.7.19\/masterprom\/wp-json\/wp\/v2\/types\/product"}],"replies":[{"embeddable":true,"href":"http:\/\/119.8.7.19\/masterprom\/wp-json\/wp\/v2\/comments?post=15776"}],"wp:attachment":[{"href":"http:\/\/119.8.7.19\/masterprom\/wp-json\/wp\/v2\/media?parent=15776"}],"curies":[{"name":"wp","href":"https:\/\/api.w.org\/{rel}","templated":true}]}}