{"id":15772,"date":"2021-04-06T19:32:05","date_gmt":"2021-04-07T00:32:05","guid":{"rendered":"http:\/\/119.8.7.19\/masterprom\/producto\/cal-fla\/"},"modified":"2021-04-06T19:32:07","modified_gmt":"2021-04-07T00:32:07","slug":"cal-fla","status":"publish","type":"product","link":"http:\/\/119.8.7.19\/masterprom\/producto\/cal-fla\/","title":{"rendered":"CAL-FLA"},"content":{"rendered":"<p>Calculadora de bolsillo. Cuenta con bater\u00eda que se recarga a trav\u00e9s de celda solar. (No incluye impresi\u00f3n)<\/p>\n","protected":false},"excerpt":{"rendered":"<p>Calculadora de bolsillo. Cuenta con bater\u00eda que se recarga a trav\u00e9s de celda solar. (No incluye impresi\u00f3n)<\/p>\n","protected":false},"featured_media":0,"comment_status":"closed","ping_status":"open","template":"","meta":[],"class_list":["post-15772","product","type-product","status-publish","hentry","product_cat-articulos-de-oficina","product_cat-varios","product_tag-g4"],"_links":{"self":[{"href":"http:\/\/119.8.7.19\/masterprom\/wp-json\/wp\/v2\/product\/15772","targetHints":{"allow":["GET"]}}],"collection":[{"href":"http:\/\/119.8.7.19\/masterprom\/wp-json\/wp\/v2\/product"}],"about":[{"href":"http:\/\/119.8.7.19\/masterprom\/wp-json\/wp\/v2\/types\/product"}],"replies":[{"embeddable":true,"href":"http:\/\/119.8.7.19\/masterprom\/wp-json\/wp\/v2\/comments?post=15772"}],"wp:attachment":[{"href":"http:\/\/119.8.7.19\/masterprom\/wp-json\/wp\/v2\/media?parent=15772"}],"curies":[{"name":"wp","href":"https:\/\/api.w.org\/{rel}","templated":true}]}}