{"id":15764,"date":"2021-04-06T19:32:05","date_gmt":"2021-04-07T00:32:05","guid":{"rendered":"http:\/\/119.8.7.19\/masterprom\/producto\/a2576\/"},"modified":"2021-04-06T19:32:06","modified_gmt":"2021-04-07T00:32:06","slug":"a2576","status":"publish","type":"product","link":"http:\/\/119.8.7.19\/masterprom\/producto\/a2576\/","title":{"rendered":"A2576"},"content":{"rendered":"<p>Porta documentos de pl\u00e1stico trasl\u00facido con clip exterior met\u00e1lico para sujetar hojas.<\/p>\n","protected":false},"excerpt":{"rendered":"<p>Porta documentos de pl\u00e1stico trasl\u00facido con clip exterior met\u00e1lico para sujetar hojas.<\/p>\n","protected":false},"featured_media":0,"comment_status":"closed","ping_status":"open","template":"","meta":[],"class_list":["post-15764","product","type-product","status-publish","hentry","product_cat-articulos-de-oficina","product_cat-varios","product_tag-winideas"],"_links":{"self":[{"href":"http:\/\/119.8.7.19\/masterprom\/wp-json\/wp\/v2\/product\/15764","targetHints":{"allow":["GET"]}}],"collection":[{"href":"http:\/\/119.8.7.19\/masterprom\/wp-json\/wp\/v2\/product"}],"about":[{"href":"http:\/\/119.8.7.19\/masterprom\/wp-json\/wp\/v2\/types\/product"}],"replies":[{"embeddable":true,"href":"http:\/\/119.8.7.19\/masterprom\/wp-json\/wp\/v2\/comments?post=15764"}],"wp:attachment":[{"href":"http:\/\/119.8.7.19\/masterprom\/wp-json\/wp\/v2\/media?parent=15764"}],"curies":[{"name":"wp","href":"https:\/\/api.w.org\/{rel}","templated":true}]}}