{"id":15662,"date":"2021-04-06T19:31:52","date_gmt":"2021-04-07T00:31:52","guid":{"rendered":"http:\/\/119.8.7.19\/masterprom\/producto\/sin-880\/"},"modified":"2021-04-06T19:31:52","modified_gmt":"2021-04-07T00:31:52","slug":"sin-880","status":"publish","type":"product","link":"http:\/\/119.8.7.19\/masterprom\/producto\/sin-880\/","title":{"rendered":"SIN-880"},"content":{"rendered":"<p>Set de maletas jodhpur (set de 2 maletas de 20&#8243; y 24&#8243; trolley con 4 ruedas y frenos de seguridad. interior con cintas el\u00e1sticas con broche y panel divisor de malla y cierre. candado de seguridad tsa con combinaci\u00f3n de 3 d\u00edgitos. placas removibles para f\u00e1cil grabado. )<\/p>\n","protected":false},"excerpt":{"rendered":"<p>Set de maletas jodhpur (set de 2 maletas de 20&#8243; y 24&#8243; trolley con 4 ruedas y frenos de seguridad. interior con cintas el\u00e1sticas con broche y panel divisor de malla y cierre. candado de seguridad tsa con combinaci\u00f3n de 3 d\u00edgitos. placas removibles para f\u00e1cil grabado. )<\/p>\n","protected":false},"featured_media":0,"comment_status":"closed","ping_status":"open","template":"","meta":[],"class_list":["post-15662","product","type-product","status-publish","hentry","product_cat-articulos-de-oficina","product_cat-regalos-ejecutivos","product_tag-promoopcion","pa_detalles-32-x-45-x-20-cm","pa_detalles-9-x-56-x-25-cm"],"_links":{"self":[{"href":"http:\/\/119.8.7.19\/masterprom\/wp-json\/wp\/v2\/product\/15662","targetHints":{"allow":["GET"]}}],"collection":[{"href":"http:\/\/119.8.7.19\/masterprom\/wp-json\/wp\/v2\/product"}],"about":[{"href":"http:\/\/119.8.7.19\/masterprom\/wp-json\/wp\/v2\/types\/product"}],"replies":[{"embeddable":true,"href":"http:\/\/119.8.7.19\/masterprom\/wp-json\/wp\/v2\/comments?post=15662"}],"wp:attachment":[{"href":"http:\/\/119.8.7.19\/masterprom\/wp-json\/wp\/v2\/media?parent=15662"}],"curies":[{"name":"wp","href":"https:\/\/api.w.org\/{rel}","templated":true}]}}