{"id":15622,"date":"2021-04-06T19:31:47","date_gmt":"2021-04-07T00:31:47","guid":{"rendered":"http:\/\/119.8.7.19\/masterprom\/producto\/ml42261\/"},"modified":"2021-04-06T19:31:48","modified_gmt":"2021-04-07T00:31:48","slug":"ml42261","status":"publish","type":"product","link":"http:\/\/119.8.7.19\/masterprom\/producto\/ml42261\/","title":{"rendered":"ML42261"},"content":{"rendered":"<p>Mochila parkland rio mini mochila dise\u00f1ada con estilo y sostenibilidad en mente. La silueta en miniatura de Rio lo convierte en el tama\u00f1o perfecto para llevar tus art\u00edculos m\u00e1s esenciales. Con un bolsillo interno con cremallera, su tel\u00e9fono celular, gafas de sol y llaves nunca m\u00e1s se perder\u00e1n.<\/p>\n","protected":false},"excerpt":{"rendered":"<p>Mochila parkland rio mini mochila dise\u00f1ada con estilo y sostenibilidad en mente. La silueta en miniatura de Rio lo convierte en el tama\u00f1o perfecto para llevar tus art\u00edculos m\u00e1s esenciales. Con un bolsillo interno con cremallera, su tel\u00e9fono celular, gafas de sol y llaves nunca m\u00e1s se perder\u00e1n.<\/p>\n","protected":false},"featured_media":0,"comment_status":"closed","ping_status":"open","template":"","meta":[],"class_list":["post-15622","product","type-product","status-publish","hentry","product_cat-articulos-de-oficina","product_cat-regalos-ejecutivos","product_tag-promoline"],"_links":{"self":[{"href":"http:\/\/119.8.7.19\/masterprom\/wp-json\/wp\/v2\/product\/15622","targetHints":{"allow":["GET"]}}],"collection":[{"href":"http:\/\/119.8.7.19\/masterprom\/wp-json\/wp\/v2\/product"}],"about":[{"href":"http:\/\/119.8.7.19\/masterprom\/wp-json\/wp\/v2\/types\/product"}],"replies":[{"embeddable":true,"href":"http:\/\/119.8.7.19\/masterprom\/wp-json\/wp\/v2\/comments?post=15622"}],"wp:attachment":[{"href":"http:\/\/119.8.7.19\/masterprom\/wp-json\/wp\/v2\/media?parent=15622"}],"curies":[{"name":"wp","href":"https:\/\/api.w.org\/{rel}","templated":true}]}}