{"id":15408,"date":"2021-04-06T19:31:18","date_gmt":"2021-04-07T00:31:18","guid":{"rendered":"http:\/\/119.8.7.19\/masterprom\/producto\/a2572\/"},"modified":"2021-04-06T19:31:21","modified_gmt":"2021-04-07T00:31:21","slug":"a2572","status":"publish","type":"product","link":"http:\/\/119.8.7.19\/masterprom\/producto\/a2572\/","title":{"rendered":"A2572"},"content":{"rendered":"<p>Estuche ecol\u00f3gico r\u00edgido. Contiene hojas rectangulares sueltas y notas adhesivas a color. Incluye regla pl\u00e1stica de 12 cm. y bol\u00edgrafo de papel reciclado.<\/p>\n","protected":false},"excerpt":{"rendered":"<p>Estuche ecol\u00f3gico r\u00edgido. Contiene hojas rectangulares sueltas y notas adhesivas a color. Incluye regla pl\u00e1stica de 12 cm. y bol\u00edgrafo de papel reciclado.<\/p>\n","protected":false},"featured_media":0,"comment_status":"closed","ping_status":"open","template":"","meta":[],"class_list":["post-15408","product","type-product","status-publish","hentry","product_cat-articulos-de-oficina","product_cat-libretas","product_tag-winideas"],"_links":{"self":[{"href":"http:\/\/119.8.7.19\/masterprom\/wp-json\/wp\/v2\/product\/15408","targetHints":{"allow":["GET"]}}],"collection":[{"href":"http:\/\/119.8.7.19\/masterprom\/wp-json\/wp\/v2\/product"}],"about":[{"href":"http:\/\/119.8.7.19\/masterprom\/wp-json\/wp\/v2\/types\/product"}],"replies":[{"embeddable":true,"href":"http:\/\/119.8.7.19\/masterprom\/wp-json\/wp\/v2\/comments?post=15408"}],"wp:attachment":[{"href":"http:\/\/119.8.7.19\/masterprom\/wp-json\/wp\/v2\/media?parent=15408"}],"curies":[{"name":"wp","href":"https:\/\/api.w.org\/{rel}","templated":true}]}}