{"id":15404,"date":"2021-04-06T19:31:18","date_gmt":"2021-04-07T00:31:18","guid":{"rendered":"http:\/\/119.8.7.19\/masterprom\/producto\/a2646\/"},"modified":"2021-04-06T19:31:20","modified_gmt":"2021-04-07T00:31:20","slug":"a2646","status":"publish","type":"product","link":"http:\/\/119.8.7.19\/masterprom\/producto\/a2646\/","title":{"rendered":"A2646"},"content":{"rendered":"<p>Mini libreta de pasta flexible a color, en tama\u00f1o A6 para grabado l\u00e1ser. Cuenta con 80 hojas rayadas (160 p\u00e1ginas).<\/p>\n","protected":false},"excerpt":{"rendered":"<p>Mini libreta de pasta flexible a color, en tama\u00f1o A6 para grabado l\u00e1ser. Cuenta con 80 hojas rayadas (160 p\u00e1ginas).<\/p>\n","protected":false},"featured_media":0,"comment_status":"closed","ping_status":"open","template":"","meta":[],"class_list":["post-15404","product","type-product","status-publish","hentry","product_cat-articulos-de-oficina","product_cat-libretas","product_tag-winideas"],"_links":{"self":[{"href":"http:\/\/119.8.7.19\/masterprom\/wp-json\/wp\/v2\/product\/15404","targetHints":{"allow":["GET"]}}],"collection":[{"href":"http:\/\/119.8.7.19\/masterprom\/wp-json\/wp\/v2\/product"}],"about":[{"href":"http:\/\/119.8.7.19\/masterprom\/wp-json\/wp\/v2\/types\/product"}],"replies":[{"embeddable":true,"href":"http:\/\/119.8.7.19\/masterprom\/wp-json\/wp\/v2\/comments?post=15404"}],"wp:attachment":[{"href":"http:\/\/119.8.7.19\/masterprom\/wp-json\/wp\/v2\/media?parent=15404"}],"curies":[{"name":"wp","href":"https:\/\/api.w.org\/{rel}","templated":true}]}}